f 4944 and 15141.
309
Calculate the highest common divisor of 13944 and 12450.
498
What is the greatest common divisor of 4674 and 28741?
41
What is the highest common factor of 1062 and 16638?
354
What is the highest common factor of 329 and 15698?
47
What is the highest common factor of 22845 and 75?
15
What is the highest common divisor of 12496 and 50836?
284
What is the greatest common factor of 580832 and 224?
224
Calculate the greatest common factor of 256 and 5056.
64
What is the greatest common factor of 5376 and 12320?
224
Calculate the highest common factor of 72683 and 13.
13
Calculate the highest common factor of 1914580 and 1160.
580
What is the highest common divisor of 83 and 139855?
83
Calculate the highest common divisor of 203 and 126875.
203
What is the greatest common divisor of 790 and 364664?
158
What is the highest common factor of 94346 and 92?
46
What is the highest common divisor of 102 and 434384?
34
What is the greatest common divisor of 25210 and 40?
10
Calculate the highest common divisor of 5308150 and 50.
50
Calculate the greatest common divisor of 85512 and 1704.
24
Calculate the highest common divisor of 4026 and 18645.
33
What is the greatest common divisor of 4986 and 1602?
18
What is the greatest common divisor of 566989 and 205?
41
What is the greatest common divisor of 1500 and 37875?
375
Calculate the highest common factor of 10 and 68945.
5
What is the greatest common factor of 13663 and 1131?
13
Calculate the highest common factor of 902 and 4838.
82
What is the greatest common divisor of 140 and 454?
2
Calculate the highest common divisor of 165 and 70840.
55
What is the greatest common factor of 783 and 3393?
261
What is the highest common factor of 283 and 3475523?
283
What is the greatest common divisor of 8890 and 28?
14
What is the highest common divisor of 18 and 8903808?
18
What is the greatest common divisor of 11892 and 12?
12
Calculate the greatest common divisor of 232 and 43964.
116
Calculate the highest common factor of 261 and 576.
9
What is the highest common divisor of 140774 and 3579?
1193
Calculate the highest common factor of 10535 and 78475.
215
What is the greatest common factor of 45097 and 52?
13
Calculate the highest common factor of 5768 and 46556.
412
What is the highest common factor of 949 and 1079?
13
Calculate the greatest common divisor of 57 and 144191.
19
What is the highest common factor of 12826 and 2134?
22
Calculate the greatest common factor of 1 and 393629.
1
What is the greatest common factor of 1390875 and 60?
15
What is the greatest common divisor of 27544 and 128?
8
Calculate the greatest common divisor of 388 and 2167271.
97
Calculate the highest common divisor of 33557 and 851.
23
Calculate the highest common factor of 337980 and 3.
3
Calculate the greatest common factor of 52536 and 231.
33
Calculate the highest common factor of 49110 and 30.
30
What is the highest common factor of 4845 and 3485?
85
What is the greatest common divisor of 26600 and 5586?
266
What is the highest common factor of 580 and 2660?
20
Calculate the greatest common factor of 1218 and 10498.
58
Calculate the highest common factor of 202 and 60499.
101
Calculate the highest common factor of 13866 and 243.
3
What is the highest common factor of 257 and 604978?
257
What is the greatest common factor of 540797 and 19?
19
Calculate the highest common factor of 112 and 322042.
14
Calculate the highest common divisor of 5605 and 45.
5
Calculate the greatest common divisor of 18 and 260397.
9
Calculate the highest common divisor of 1080 and 2776.
8
What is the greatest common factor of 19954 and 154?
22
What is the greatest common divisor of 4401 and 3461142?
489
What is the highest common divisor of 633193 and 726?
121
Calculate the greatest common divisor of 50 and 1634930.
10
What is the greatest common factor of 96 and 62736?
48
What is the highest common factor of 1890 and 26055?
135
Calculate the greatest common factor of 2472 and 16356.
12
Calculate the highest common factor of 248 and 622604.
124
Calculate the highest common factor of 18531 and 69.
3
What is the highest common divisor of 12453 and 1743?
21
What is the greatest common divisor of 32434909 and 13?
13
Calculate the greatest common factor of 285833 and 965.
193
What is the greatest common factor of 282 and 48598?
94
Calculate the highest common divisor of 31257 and 67950.
1359
Calculate the greatest common divisor of 42645 and 30.
15
Calculate the greatest common factor of 832 and 1104.
16
Calculate the highest common factor of 257388 and 444.
12
Calculate the highest common factor of 980 and 307580.
140
What is the highest common divisor of 2494 and 1376?
86
Calculate the greatest common factor of 698 and 635878.
698
Calculate the greatest common factor of 11801842 and 52.
26
Calculate the highest common factor of 3232 and 179780.
404
What is the highest common factor of 659593 and 5898?
983
What is the greatest common factor of 115612 and 1204?
28
Calculate the highest common factor of 26158 and 319.
319
Calculate the highest common factor of 888 and 55611.
111
What is the greatest common divisor of 1632 and 3072?
96
Calculate the greatest common factor of 162833 and 3799.
131
What is the highest common factor of 4023328 and 3776?
1888
What is the greatest common divisor of 42728 and 133?
7
What is the greatest common factor of 8568 and 3123?
9
Calculate the greatest common divisor of 3411039 and 1059.
1059
Calculate the greatest common divisor of 2828 and 2929.
101
What is the greatest common factor of 2869 and 1520?
19
Calculate the greatest common divisor of 16247 and 2310.
77
What is the greatest common factor of 18 and 954?
18
What is the greatest common factor of 251806 and 62492?
1838
Calculate the highest common divisor of 412242 and 381.
381
Calculate the greatest common divisor of 364925 and 275.
275
What is the greatest common divisor of 2095 and 1?
1
Calculate the highest common factor of 16686 and 1236.
618
What is the greatest common divisor of 16 and 483856?
16
Calculate the highest common divisor of 1206 and 82.
2
What is the highest common factor of 7498 and 22?
2
Calculate the greatest common divisor of 3544007 and 289.
289
Calculate the greatest common divisor of 1102 and 348.
58
Calculate the highest common factor of 272805 and 975.
195
What is the highest common divisor of 46939 and 2555?
73
Calculate the greatest common factor of 1940 and 2070.
10
Calculate the highest common factor of 73 and 427123.
73
What is the highest common factor of 186676 and 649?
59
What is the greatest common factor of 165 and 42295?
55
Calculate the greatest common divisor of 287 and 7343.
7
Calculate the highest common factor of 6789 and 3504.
219
What is the greatest common divisor of 505832 and 4876?
212
What is the greatest common divisor of 375 and 240?
15
What is the greatest common divisor of 4741 and 3448?
431
What is the highest common divisor of 2484 and 759?
69
What is the greatest common factor of 7514 and 11700?
26
What is the greatest common divisor of 1138311 and 9?
9
What is the greatest common divisor of 30 and 416715?
15
What is the greatest common divisor of 7 and 120645?
7
Calculate the greatest common divisor of 32 and 48016.
16
Calculate the greatest common factor of 5 and 75200.
5
Calculate the highest common divisor of 502 and 26.
2
Calculate the greatest common divisor of 83190 and 16920.
1410
What is the highest common factor of 832 and 1984?
64
Calculate the greatest common factor of 4112 and 1136.
16
Calculate the greatest common factor of 14315 and 80.
5
Calculate the greatest common divisor of 29 and 70789.
29
What is the highest common factor of 1953 and 495783?
279
Calculate the highest common factor of 54998 and 428.
214
What is the greatest common factor of 2331219 and 22?
11
What is the greatest common factor of 221 and 1058369?
221
Calculate the highest common divisor of 71114 and 5328.
74
What is the highest common factor of 522 and 25926?
174
What is the greatest common factor of 3726 and 24?
6
What is the greatest common divisor of 123107 and 65764?
401
Calculate the greatest common divisor of 12 and 34357404.
12
What is the highest common factor of 59410 and 390?
130
Calcula